+ 15 - 21) + -3.
-37
Calculate (15 - 22) + -11 - -5.
-13
What is 29 + -16 + -25 + -3?
-15
Evaluate 8 + -8 - (6 - 3 - (7 + -11)).
-7
(2 - 1 - 6) + (17 - 24)
-12
-32 + -21 + 101 - 24
24
Calculate 6 + 5 + 0 + (7 - 8).
10
What is -29 - (25 + -4 + -33)?
-17
What is the value of (34 - 23) + (-23 - -16) + 1 + -23?
-18
What is -10 + 21 - 14 - (2 + (1 - -3))?
-9
Calculate (2 - 1) + 1 + 2 - (75 + -84).
13
What is the value of -8 + 15 + 11 + (-12 - -5) + 3?
14
-27 + 18 + -18 + 34 - (1 - -2)
4
Evaluate (-7 - (1 - 0)) + -94 + (-27 - -112).
-17
What is -19 + 19 + (-4 + 10 - -2)?
8
What is the value of (-111 - -106) + (-1 - 6 - -3)?
-9
Calculate 0 + -33 + -9 - -54.
12
4 + -13 + -13 + (-1 - -10)
-13
Evaluate 6 - ((5 - (1 - 2)) + 10 + 6).
-16
What is -2 - (-4 + (-9 - -3))?
8
What is ((-8 - -5) + 12 - 4) + -13?
-8
Calculate -2 - (-9 + (5 - -3) - 13).
12
What is the value of 5 - (2 - (-3 + 4) - (14 - 10))?
8
What is the value of -22 - (-12 + (7 - 8))?
-9
What is the value of 19 - 8 - (-7 - (-10 - (-10 - -8)))?
10
Evaluate -37 + 28 + (2 + 9 - 23).
-21
-13 + (-8 - (4 + -5))
-20
What is the value of -9 + (-35 + (17 - -10) - (0 + 10))?
-27
Calculate -9 + -10 - -5 - -13.
-1
1 - (-25 + (15 - 1) + 2 + 5)
5
What is the value of -1 + -3 + 5 + 21 + -3 + -4?
15
What is 3 - (6 + -4 + 2) - (2 - 0)?
-3
Evaluate 18 - (9 + 16 + -19).
12
What is the value of -3 + 31 + -31 + (1 - 3 - 4)?
-9
Calculate -14 - 1 - (34 + 29 - 57).
-21
What is the value of 22 + -22 + (4 - -2) + 0 + -29?
-23
What is (-10 - -6) + -4 + 16 + 3 + -7?
4
What is the value of -4 + 1 - (254 + -261)?
4
What is the value of 0 - (-1 + 11) - (-103 - -71)?
22
Evaluate (43 - (19 + -9)) + -40.
-7
Calculate (0 - -5) + 279 + -311.
-27
Calculate -23 + 17 + -5 + 26.
15
What is the value of 5 + -4 + 0 + -5 - (0 - -1)?
-5
23 - 12 - (5 - -3)
3
Evaluate (-120 - -104 - (-26 + 0)) + (-27 - 2).
-19
Calculate 40 - (20 + -16 + 30).
6
What is -6 - (11 - (6 + 13 + 10))?
12
Evaluate -25 + (18 - -2) - -26.
21
6 - (-11 + 29 - 14 - (-10 + 1))
-7
0 - -2 - (-27 + 20)
9
What is (-4 + 6 - 0) + -8 + -4?
-10
7 + 2 + (4 + -6 - (-1 + -10))
18
Evaluate 4 - (15 + -12) - 0.
1
5 - (11 + -13 + (0 - 3) - -14)
-4
114 + -123 + (-3 - -4) + 7
-1
What is 4 - 1 - ((9 - -9) + -10 + 14)?
-19
What is -7 + -7 + 10 + 11 + 0 + -22?
-15
Evaluate 1 + 1 + 21 + (-6 - 28).
-11
Evaluate -27 - ((-1 - -4 - (9 + -5)) + 3).
-29
Evaluate (-21 + 7 - -28) + -24.
-10
Calculate -13 + -29 + 9 + 20.
-13
8 - (-6 + (15 - 8))
7
Evaluate 8 - ((-14 - -21) + -7).
8
Evaluate 17 + 5 + -12 - 11.
-1
(-3 - (20 + -30)) + -3
4
What is the value of 4 - -4 - (34 + -38)?
12
(-2 - (-15 + -38)) + -29
22
What is 3 - (111 + -124 + (8 - (3 - 1)))?
10
Evaluate -7 - (3 + -2 + -3) - (1 - -1).
-7
Evaluate 0 + -1 - (17 + -16 + (-12 - 1)).
11
What is the value of -21 - (6 - 31) - (-2 + (0 - 4))?
10
7 + -45 + 12 - (-4 - 5)
-17
Calculate 9 + 3 + -1 + 5 + -11 - 41.
-36
Calculate (141 - 141) + (7 - 1).
6
Evaluate -6 + -17 + 18 + -4.
-9
Calculate (-309 - -301) + (10 - -1).
3
Calculate -12 + (-2 - (-7 + 7) - (4 - 1)).
-17
What is (19 - (18 + -14)) + 11 + -1?
25
What is the value of 1 + (-10 - (-5 - -10 - 19))?
5
8 + -11 - (-19 + 16)
0
What is the value of 8 + -15 + (-9 - -16)?
0
What is -9 + 7 - (-3 - (12 - 14))?
-1
Calculate 8 + -2 + -2 + (-9 + 14 - 5).
4
Calculate -16 + (-6 - -6) + (4 - (-7 + 10)).
-15
-129 + 107 - (0 - 34)
12
What is -2 - (-5 - -12) - (-2 - 2)?
-5
What is -21 + 31 + 24 - (0 - -10) - 2?
22
3 - (1 + 8 + 6)
-12
What is -22 + 4 + -28 + 30?
-16
What is the value of -8 + 18 - (5 - (0 - 5))?
0
Evaluate 6 - ((-7 - -12) + -3) - -9.
13
What is the value of -3 + (-29 - -5) + 3?
-24
What is the value of 4 + -1 + -3 - 12?
-12
What is -139 + 132 - (0 + -15)?
8
What is 6 + 1 + (0 - 21) + (528 - 482)?
32
Calculate -8 + 12 + 3 + -6 - 7 - -7.
1
What is the value of 7 + 0 + -1 - (15 + 2) - 1?
-12
(-13 - (-9 + 10 - 3) - 10) + -2
-23
What is -7 + -1 - -2 - 8?
-14
What is 6 + (-5 - 7) + -2 - -5 - -12?
9
What is -14 - (-9 - (-7 - (2 - 10)))?
-4
Evaluate 20 - (14 - -6) - (1 + -16 + 0).
15
(21 - 20) + -11 - 10
-20
Evaluate 33 - 30 - (-5 - (-3 - -5)).
10
What is the value of 2 + 0 - (-1 + 2 + (41 - 38))?
-2
What is 25 + (3 - 1 - 15)?
12
-7 - -17 - (-39 + 40)
9
Evaluate (-4 - 0) + 12 + -3 + (15 - 6).
14
What is the value of 76 + -68 + -4 + (-3 - (-1 - -22))?
-20
What is (15 - -13) + -7 - 36?
-15
What is -26 - -23 - (2 + (3 - -3))?
-11
What is -6 + 6 + 13 + -15?
-2
Calculate (-1 - 3) + (-3 - -8).
1
-10 - (7 + 7 + -10 - -1)
-15
What is the value of 13 + (-8 - -9) + -11 - (1 + 4)?
-2
What is the value of (-10 - (22 - 20)) + 14 - 18?
-16
What is the value of -10 + 13 + -6 + 6 + (-16 - -1)?
-12
What is the value of (-1 - (2 + -5)) + (-32 - -31) + -16?
-15
What is the value of 9 + -1 + -28 + -83 + 89?
-14
Calculate (1 - 3) + (2 + 17 - -6).
23
(-13 + (-12 - -22) - (-9 + 0)) + 15
21
Evaluate 33 + -36 - (3 + -13) - -5.
12
Evaluate (-15 - -2) + 24 + -3.
8
19 - (-59 + 65 + 1 + (5 - 3))
10
7 + (155 - 162 - (10 + -2))
-8
Evaluate -23 - (4 + (2 - 24)).
-5
What is the value of 7 + (-15 - 1) + 8?
-1
What is the value of (3 - 2 - 1 - 3) + 1329 + -1307?
19
What is 8 - (-3 + 4) - (1 + (3 - 2))?
5
What is 10 - (-13 + 30) - (7 - (6 - 15))?
-23
What is the value of 5 + (2 - 3) + (8 - 8)?
4
What is the value of -6 + 3 + 1 + 2 + 13 - -4?
17
(30 + -21 - 18) + (1 - 5)
-13
Calculate -8 + 5 + 19 - (-11 - -11).
16
What is (5 - 1) + 4 + (7 - 16 - -8)?
7
Calculate 7 + -3 - -1 - 37 - (4 + -14).
-22
Evaluate 1 + (-1 - 0) + (-10 - 3) - 4.
-17
Calculate (-17 - (6 - 8)) + (7 - 3).
-11
Evaluate 20 - (-6 - -46) - -26.
6
Evaluate -28 - ((-10 - 23) + 10).
-5
Calculate (4 - -2) + -23 + 16 - -3.
2
What is the value of (-1 - 18) + 5 - (90 + -106)?
2
What is the value of 7 + 3 + (14 - 10) + -6?
8
Calculate -17 - ((13 - 22) + -15).
7
-25 + 24 - 8 - (-10 + -1)
2
(12 - (-4 - (-24 - -9))) + -23
-22
What is the value of -37 - (16 - (-24 + 66))?
-11
What is the value of ((17 - -6) + -12 - -11) + -2?
20
Calculate 33 - 43 - (2 - -1).
-13
What is -7 + 1 - (386 - 399) - (-2 + 7)?
2
-4 - ((8 - 1) + 2 + -6 - -8)
-15
Calculate (-4 + -7 - -1) + 8 + -8.
-10
-15 + 31 + -4 + -6
6
22 - -2 - -1 - (-8 + (-5 - -1))
37
What is the value of -2 - -3 - ((-3 - 8) + 4 + 5)?
3
Calculate 1 - ((-4 - 4) + 19).
-10
What is (6 - -5) + (7 - (-3 - -16)) + 0?
5
Calculate -3 + -19 - (94 + -105).
-11
What is (-12 - (-1 - 3)) + (-5 - (0 - 3))?
-10
Calculate (2 - (-12 - -28)) + 16 + 31.
33
27 - (-9 + (21 + -2 - 3) + -5)
25
5 + 11 + (11 - (22 - 8))
13
Evaluate (-182 - -174) + -7 + -3 + 1.
-17
Evaluate -42 + 39 - -5 - (-2 + 13).
-9
Calculate 13 + 4 + -2 - (-206 - -211).
10
Calculate -4 - ((0 - 2) + (-1 - 1) + -4).
4
Calculate -4 + -2 - (11 + -17).
0
-13 - ((20 - 7) + -11 + -2)
-13
What is 7 + -6 + (4 - 3 - -6 - 6)?
2
What is 0 - 8 - (-56 + (29 - -5))?
14
Evaluate 6 + (-2 + -7 + 7 - 3) + 2.
3
What is (-1 - 12) + 17 - 0?
4
What is -15 - (-39 + 16 - -2)?
6
What is the value of 6 - 17 - (4 - 1 - (-9 - -17))?
-6
Evaluate (-27 - (-54 + 22)) + 0 + -11.
-6
Evaluate 1 - (24 + -4 - 29).
10
What is (0 - 0) + -19 + 2 + 6?
-11
Evaluate 5 - 1 - (-111 + 92 + 48 + 4).
-29
Evaluate -6 + 2 - (0 + (-9 - -6)).
-1
Calculate 4 + 17 + (7 - 16).
12
Calculate 1 - -7 - (6 + (11 - (8 - -4))).
3
Calculate -25 + 46 + (-9 - 4).
8
Calculate 24 + 21 + (-27 - -3).
21
Calculate -4 + (-1 - 5) + -2 + 13 + 3.
4
What is -6 + -6 - ((4 - (6 - 15)) + -18)?
-7
Calculate -4 + 0 + (78 - 72) + 9.
11
Evaluate -1 + (7 - 2) - (-95 - -101) - 2.
-4
What is (-1 - -2 - 7) + 21 + 1 + -6?
10
Calculate (-26 + 35 - (3 + 2) - 10) + 16.
10
5 + 21 + -38 + 19
7
Calculate -2 + -4 + 5 + -6 - -11.
4
Calculate -10 + 22 + (6 - (2 - -4)).
12
What is 1 - (4 + -8) - (-11 - -22)?
-6
What is 10 + -11 + (1 + 0 - (2 + -5))?
3
What is 9 + (28 - 11 - 17 - 13)?
-4
Calculate 24 + (-5 - (3 + -12 - (4 - 11))).
21
What is 1 + (2 - -18 - -2 - (195 - 192))?
20
What is the value of 61 + -37 + -24 + (4 + 1 - 1)?
4
Calculate -4 + 1 + 4 + -6 - (-21 - -8).
8
Calculate -33 + 1 + (57 - (70 + -12)).
-33
What is 0 - (6 - 1 - (-25 + 20)) - -20?
10
Evaluate -30 + 36 + 12 + -23.
-5
(1 - (28 + -34)) + 2
9
12 + -3 - 1 - (-8 + 17 + -37)
36
Evaluate -16 - (-34 + 9) - 1.
8
Evaluate -31 + 21 + -2 - 11.
-23
Calculate (-2 - 4) + (5 - (13 - 1)).
-13
What is 0 - 28 - (9 - 12)?
-25
What is -3 + (-2 